r?
False
Suppose 0 = -30*d + 29*d + 797. Is d composite?
False
Suppose 12*c - 20*c + 288296 = 0. Is c prime?
True
Let t = 488 - -404. Suppose t = 15*g - 11*g. Is g a prime number?
True
Let d = -229 + 54. Let c = 386 + d. Is c prime?
True
Let x(b) = 2*b - 3. Let q(w) = -2*w + 2. Let n(v) = -3*q(v) - 2*x(v). Let z be n(-2). Is z/34 + 116565/255 composite?
False
Let w = -118 + 118. Suppose w = 2*d - 3*g - 1075, -2*g = 3*d + 2*g - 1587. Is d prime?
False
Suppose -5*a + 23*a = 66492. Is a a prime number?
False
Let b(a) = -751*a. Let t be ((-10)/(-15))/(5/(-3) - -1). Is b(t) a prime number?
True
Let v = 39 - 37. Is 1/(v/3)*(-35684)/(-33) a prime number?
False
Let j = -178 - -622. Is -5*(j/10)/(-3) a composite number?
True
Is -20 + 19 + 2132 + -2 prime?
True
Suppose -31*w = -36*w + 35645. Is w a composite number?
False
Suppose -3*w - 2*w - 2*c = 0, -c = 5. Suppose w*f - 417 = 2*s - s, 5*s - 236 = -f. Is f composite?
False
Suppose o - 5 = 5*c, -5*o + o = -5*c + 55. Let u = -16 - o. Suppose -2*f + 958 = 3*r - 387, 4*r - 1800 = -u*f. Is r a composite number?
True
Suppose 0 = 8*g - 10*g + 5794. Is g a prime number?
True
Is (224548/219)/((-4)/(-3)) composite?
False
Let z = 9 - 9. Suppose g - 144 + 21 = z. Is g a prime number?
False
Let a(h) = -5*h + 50. Let b be a(-12). Suppose 5*v + b = 7*v. Is v a prime number?
False
Is -9 + 4 + -3 - -5035 prime?
False
Let o = 27029 + -8970. Is o a composite number?
False
Suppose -3*r = 0, -3*r - 2456 = -2*c - 8*r. Suppose -8*q + c = -4*q. Is q a composite number?
False
Let a = 14 + -8. Suppose 0 = a*r - 11*r + 5305. Is r prime?
True
Let g = 68118 + -27391. Is g a composite number?
True
Suppose -p - 1094 = p - 2*j, 0 = -5*p - j - 2729. Let z = 1117 + p. Is z a composite number?
False
Let p(m) = -14*m + 29. Suppose 3*q + 2*s + 7 = -22, 0 = s + 4. Is p(q) a prime number?
True
Let d be (24579/(-7) - 2/(-7))*-1. Let u = d - 2252. Is u a composite number?
False
Let r(k) = -3*k**2 + 5*k - 4. Let g(q) = -6*q**2 + 11*q - 9. Let m(h) = 4*g(h) - 9*r(h). Let w be m(-1). Suppose w*l - 2*l - 164 = 0. Is l prime?
False
Suppose -3*j = 5*b - 11602, 5*j + 1181 = 2*b - 3466. Is b a prime number?
False
Let j(b) = 140*b**2 - 6*b - 15. Is j(27) a composite number?
True
Let y(u) be the third derivative of -3*u**6/40 + u**5/60 - u**4/8 - 25*u**3/6 + 39*u**2. Is y(-6) composite?
False
Let k be (-28)/7 + (-1 - -10) + 3. Let m(s) = s**3 - s**2 + s - 1. Let p(z) = -3*z**3 + 2*z**2 - 7*z - 3. Let h(y) = -2*m(y) - p(y). Is h(k) composite?
False
Let j(z) = 315*z**2 - 5*z - 7. Is j(-3) prime?
True
Let h(p) = 24*p**3 - 3*p**2 - p. Let c be h(-4). Is c/(-6) + 3/(-9) prime?
True
Let q be (0 + 2/2)*(-109 + 119). Let j = 15 + q. Is j a composite number?
True
Let j be -3*85 + 0 + 3. Let i = 2 - j. Suppose h = -h + i. Is h a prime number?
True
Let z(n) = -5*n - 21. Let w be z(-5). Let h be ((-2)/(-1))/((-4)/(-58)). Let g = w + h. Is g composite?
True
Let g = 361 + 12. Is g a prime number?
True
Let c = 2 - 52. Let k be (-2 + -278)*1320/c. Is 2/(-10) - k/(-35) a prime number?
True
Let u(q) = q**3 + 2*q**2 - q - 2. Let m be u(-2). Suppose m = 5*s - 5 - 15. Is ((-2)/s - 0)*-254 prime?
True
Let d be (-6)/(-51) - (-151)/17. Suppose -d*t + 174 = -6*t. Let x = t + -23. Is x a prime number?
False
Let n(j) = 2 - j**2 + 12*j + 14 + 2*j**2 - 2. Let v be n(-11). Is (-12 + v)*17/(-3) a composite number?
True
Suppose -2*z + 674 = -1062. Suppose z = 13*k - 9*k. Is k a composite number?
True
Suppose 3593 = 4*k - 383. Suppose k = 10*o + 4*o. Is o composite?
False
Let p = -32425 + 46604. Is p prime?
False
Suppose 20*d + 169 = 21*d. Let j = -84 + d. Is j a composite number?
True
Let y(l) = -5*l + 19*l**2 + 4*l - 1 + 30*l**2 - l. Suppose 7 = 2*s - c - 0, -5*s = -2*c - 16. Is y(s) composite?
False
Let d be 5*2224/(-60)*3. Let b = 1434 + d. Is b a prime number?
False
Let v(u) = 38*u - 3. Let k(s) = 38*s - 3. Let h(n) = -3*k(n) + 4*v(n). Let m = -182 + 185. Is h(m) a prime number?
False
Let z(f) be the third derivative of -f**6/120 + f**5/10 + f**4/4 - f**3/6 - 11*f**2. Is z(-6) prime?
False
Let i = -149 + 145. Is i/(-18) + (-15782)/(-18) prime?
True
Let s(j) be the third derivative of j**5/60 - 5*j**4/24 + j**3 - 2*j**2. Let c be s(4). Suppose c*w + 18 = 4*w. Is w composite?
True
Let f be (-3478)/(-8) - 7/(-28). Suppose -217 = -4*m + f. Is m a composite number?
False
Suppose -2*s + 91 = -3*q, -5*q = 4*s - 3*s - 39. Suppose 2*v - 570 - s = 0. Is v a prime number?
True
Let i(o) = -o**2 - 4*o + 23. Let p be i(-8). Is (((-4584)/p)/(-4))/(6/(-9)) composite?
False
Suppose -5*h + 2*m - 17280 = 0, 10*h - 5*h + m + 17265 = 0. Is (1*-1)/(22/h) composite?
False
Let q = -2045 - -4948. Is q a prime number?
True
Let n(v) = v**2 + 2*v - 3. Let w be n(-4). Suppose -2*u + 538 = -0*u + w*h, -3*h = -4*u + 1076. Is u composite?
False
Suppose 12*f - 10 = 2. Let v(k) = 438*k**2 - 3*k + 2. Is v(f) a composite number?
True
Let l(u) = 7092*u + 1063. Is l(22) composite?
True
Let l = 28805 - 14698. Is l composite?
False
Suppose 0 = -2*g + 23 + 17. Suppose -d + 5*s + 5 = 1, -g = -5*d + 4*s. Suppose d*u = -u - 4*r + 726, -4*u = -5*r - 589. Is u composite?
True
Is 2/2 + (14166 - 68) a composite number?
True
Let w = 20 + -20. Suppose 2*j + 3*b - 160 = w, 4*b = 2*j - 94 - 52. Is j composite?
True
Let q be -1 + (-16)/(-4) - -4. Let l(w) = 7*w**3 - 6*w**2 - 20*w + 6. Is l(q) composite?
False
Suppose -18*b + 800 = -14*b. Suppose -11*i + b = -207. Is i a composite number?
False
Let j = -5 + 8. Let n be -4*(2 - (3 - -2)). Suppose n*u - j*u - 4527 = 0. Is u a prime number?
True
Let i(p) = 8*p - 1. Let r be i(1). Suppose -2*z = -r*z - 890. Is z*(2 + (-15)/6) prime?
True
Let f be (8/((-4)/(-1)))/1. Let p(o) = -88*o**3 - 3*o**2 + o + 1. Let g be p(f). Is g/(-6) + (-2)/(-12) a prime number?
False
Is (-611247)/(-27) + 624/(-108) + 6 composite?
False
Let x = -5092 + 11691. Is x a prime number?
True
Let v = 1 - -2. Suppose -3*c = 4*r - 2985 - 648, 0 = -v*r + 3*c + 2751. Suppose 3*w - 594 = r. Is w a composite number?
True
Suppose k - 4*c - 4169 = -0*k, -4*c = 3*k - 12587. Is k a composite number?
True
Suppose 0 = c - 2*c + 5, i - 4*c + 8 = 0. Let h = 1811 + i. Is h prime?
True
Let l(j) be the second derivative of 11*j**4/6 - j**3/6 + 3*j**2/2 - j. Let b = 211 - 209. Is l(b) prime?
True
Let b(z) = -1 - 4*z - 3 - z**2 + 10*z - 1. Let w be b(7). Is 1/(-4) + (-1143)/w a prime number?
False
Suppose -43 = -3*m - 31, -5*m + 81744 = 4*q. Is q a prime number?
True
Let j = -1242 - -1889. Is j composite?
False
Is -2 - 9/(-18)*12938 prime?
False
Suppose -26 = -6*p + 4*p. Let z = -6 + p. Is z a composite number?
False
Let l(f) = 8*f**2 + 7*f - 5. Let b(t) = -6*t**3 - t. Let g be b(-1). Let a be l(g). Suppose o = 5*o - a. Is o composite?
False
Suppose 2*a - 18 = 6. Let k be a/(-10)*25/(-10). Suppose -2*i + k = -39. Is i a prime number?
False
Suppose c - 36 = -3*c. Suppose 3*h - c - 3 = 0. Suppose 566 = 4*p - 5*d, -423 = -3*p + h*d - d. Is p a composite number?
False
Suppose 3*j = 2*s + 1, 2*j = -s + 3*s + 2. Let d be (72/(-1))/(1/s). Let r = -51 + d. Is r a composite number?
True
Let y be 6*1/2 + 1. Let t be 604/y - (-1 + -3). Let f = 238 - t. Is f composite?
False
Let z(q) = 75*q**2 - 53*q - 571. Is z(-9) a composite number?
False
Suppose 33*r - 114251 = 66292. Is r prime?
True
Suppose 0 = 6*y + 3 + 15. Let a(j) = -42*j + 1. Is a(y) a prime number?
True
Let p(n) = -n**3 + 7*n**2 - 3*n - 7. Let c be p(6). Let w(u) = -u**2 - 5*u + 15. Let j be w(-7). Suppose c = t + j. Is t a prime number?
False
Let j = -44 - -52. Suppose -11*q + 1266 = -j*q. Is q a composite number?
True
Let o be 2 + (-513)/(3 + 0). Let r = o + 515. Is r prime?
False
Let f(u) = -34*u**2 + 8*u - 24. Let r be f(13). Is (r/5*1)/((-2)/5) a composite number?
False
Let p = -2797 + 5430. Is p a prime number?
True
Suppose 16*t - 23956 - 24316 = 0. Is t prime?
False
Let k(n) = 6*n**2 - 81*n - 38. Is k(23) a prime number?
False
Suppose 2*p - 5*z = -z + 4454, -2*p + 4470 = 4*z. Is p a prime number?
False
Let h(l) = -4 + 6*l**2 + 8*l**2 + 15 - 16*l - 3*l**2 + l**3. Let u be h(-12). Is u*(7 + -3 - 3) composite?
False
Suppose -q + 482845 = 5*c, 0 = 3*c + 4*q - 262542 - 27165. Is c composite?
True
Is 33552/36*(-2 - (-25)/4) prime?
False
Let s(i) = i + 1. Let f be s(3). Suppose 0 =